*h - 2. Let x be d(2). Suppose 9 = 2*o - 11. Suppose x = 4*w - o. What is the units digit of w?
7
What is the units digit of (-162)/45*10/(-6)?
6
Suppose -3*h = 8*h - 110. What is the units digit of h?
0
Suppose -5*r + 4*k + 300 = 0, 5*k = -3*r + 178 - 35. Suppose 5*p + 6*y = 4*y + 69, 0 = -4*p - 2*y + r. What is the tens digit of p?
1
What is the units digit of (-75)/2*(-16)/3?
0
Let k be -1 - (-12 + 0 + -3). What is the units digit of -2 + (-1 + 2)*k?
2
Suppose 3*i + 9 - 3 = 0. What is the units digit of ((-7)/2)/(1/i)?
7
Suppose 4*b + 36 = 4*h, 2*b + 2*h = -h - 13. Let c = -2 - b. What is the units digit of c?
6
Let k(x) be the first derivative of 5*x**3/3 + 1. Let t = 10 + -9. What is the units digit of k(t)?
5
Suppose o = 4*o - 126. Suppose 0*r = 3*r - o. What is the tens digit of r?
1
Let z be (-26)/(-4)*-10 + 3. Let c = -42 - z. What is the tens digit of c?
2
Let x be (8/(-10))/((-10)/25). Suppose 2*d = 4*u + 16, x*d + 8 = -4*u - 0*d. Let t(a) = a**2 - 2*a - 3. What is the tens digit of t(u)?
1
Let m = 36 - 21. What is the units digit of m?
5
Let p be (-16)/(-40)*(0 + 25). Let u(v) = v + 9. What is the tens digit of u(p)?
1
Suppose 4*h - 1108 = -4*j, 4*j - 3*j - 271 = 5*h. What is the units digit of j?
6
Let r(o) = 10*o - 8. What is the units digit of r(6)?
2
Let u = 33 + 58. What is the tens digit of u?
9
What is the units digit of (-292)/(-1) - (27 + -26)?
1
Suppose -8 = 2*p - 6*p. Suppose 6*k - 6 = 4*k. Suppose k*t - 5*t = -p. What is the units digit of t?
1
Let k(n) = n - 7. Let w be k(5). Let l be (-1 - w) + (-2)/(-2). Suppose 2*g + l*g - 24 = 0. What is the units digit of g?
6
Let c(d) = d**2 + 28*d - 3. What is the hundreds digit of c(-32)?
1
Let t be (-3)/(-15) - 26/5. Let n = 7 + t. Suppose -n*c + 10 = -0*c. What is the units digit of c?
5
Let n be (-3)/12 + (-25)/(-4). Suppose -3*k - 3*d = -105, 2*k = n*k + d - 134. What is the tens digit of k?
3
Let q = -4 + 6. Let y = -19 - q. What is the units digit of (3 - (-27)/y)*7?
2
What is the tens digit of 3915/105 - 2/7?
3
Suppose 0 = -4*f - 3*s + 135, 3*s - 99 = 2*f - 5*f. What is the units digit of f?
6
Let h(l) = -l**2 - 4*l + 2. Let o be h(5). Let g be o/(-3) - (-1)/(-3). Suppose 18 = 2*i - 5*j, -2*i + 4*i = 3*j + g. What is the units digit of i?
4
Suppose -171 + 42 = -3*x. What is the units digit of x?
3
Suppose -2*f + 58 = -78. Suppose p = -3*p + f. What is the tens digit of p?
1
Let u be 6 + (-2 - (0 + -1)). Suppose 0 = -4*l, -l + 2*l = u*t - 50. What is the units digit of t?
0
Suppose 3*x - 77 = -2*t, 0 = 3*t + 2*x - 75 - 43. What is the units digit of ((-48)/t)/((-3)/20)?
8
Let m(s) = -15*s - 15. What is the tens digit of m(-16)?
2
What is the units digit of ((-12)/30)/(2/(-660))?
2
Let y be (-4)/(-3) - 336/(-18). Suppose 2*c = 18 + y. What is the units digit of c?
9
Let a(r) = -157*r - 8. What is the tens digit of a(-1)?
4
Let l = 12 + -4. Let w = 16 - l. What is the units digit of w?
8
Let q = 7 - 4. Suppose 4*t + 48 = 4*r - 0*t, 4 = -r - q*t. What is the units digit of r?
8
Let d(y) = y**3 - 5*y**2 + 2*y + 1. Let b = -5 - -10. What is the tens digit of d(b)?
1
Let i = 4 - 2. What is the units digit of 2*1/(i/14)?
4
Suppose 2*w + 6*c - 2 = 4*c, -2*w - 3*c = -3. Suppose j = -2*v + 38, w = j + 2*v - 6*v - 44. What is the tens digit of j?
4
Let s(c) = -c**3 + 3*c**2 - 2*c + 4. What is the tens digit of s(-3)?
6
Let i(g) = -7*g**2 - g - 3. Let h(w) = 3*w**2 + 1. Let p(s) = 5*h(s) + 2*i(s). Let u be p(4). Let o = -2 + u. What is the units digit of o?
5
What is the tens digit of (-2)/(-1)*(-93)/(-6)?
3
Let u be (-6 + -1)/(2/2). Let x = 5 + u. What is the units digit of -3*2*1/x?
3
Suppose 3*v - 17 + 5 = 0. Let o(g) = g**2 - g + 5. What is the tens digit of o(v)?
1
Suppose 3*k + 4*c = 37, -4*k - 2*c - 3*c = -51. What is the units digit of k?
9
Suppose -4*i + 78 = -26. What is the units digit of i?
6
Suppose -3*c + 4 + 5 = 3*z, -5*c + 33 = -4*z. Suppose 36 = -8*o + c*o. What is the units digit of ((-24)/9 - -2)*o?
8
Suppose -5*u + u = -208. What is the units digit of u?
2
Let d(m) be the third derivative of m**4/24 + 5*m**3/6 - 3*m**2. What is the units digit of d(7)?
2
What is the units digit of (2 - 38)*(-3)/2?
4
Suppose 4*u = -5*n - 45, -1 = -n + 2. Let w = -3 - u. What is the units digit of w?
2
Let z = -6 + 7. Let b be (-4)/(((-2)/3)/z). What is the units digit of (8/b)/4*15?
5
What is the units digit of (20/8 + -3)*-38?
9
Let v(y) be the first derivative of -y**5/60 + y**4/8 + 5*y**3/6 + y**2 - 1. Let q(p) be the second derivative of v(p). What is the units digit of q(4)?
1
What is the units digit of -1 + ((-114)/(-5))/((-12)/(-30))?
6
What is the tens digit of 1/3*(44 + 13)?
1
Suppose x + x - 8 = 2*y, 3*x = 4*y + 13. Let n be -2 + (6/10)/((-3)/15). What is the units digit of ((-15)/(-25))/(y/n)?
3
Let j = -9 + 6. Let b = -1 - j. Let o = b - 1. What is the units digit of o?
1
Suppose -v - p = 2*v - 2, 3*v + 3*p + 6 = 0. Let x be 4/v - 2*-15. Let s = x - 22. What is the units digit of s?
0
Let p be (0 + -1)*(-5)/1. Suppose -51 - 24 = -p*v. What is the tens digit of v?
1
Let j(c) = -c - 1. Let s be j(6). Let q(o) = 8*o + 8. Let f be q(-6). What is the tens digit of (f/14)/(2/s)?
1
Let r = -13 + 8. Let n(k) = k**3 - 2*k + 13. Let q be n(0). Let g = q - r. What is the units digit of g?
8
What is the units digit of (-8 + 16)*2*(-58)/(-8)?
6
Let d(b) = -b**3 + 10*b**2 + 11*b - 24. What is the tens digit of d(10)?
8
Let a(s) = s**2 - 6*s + 5. Suppose 0*m - 6 = -m. Let n be a(m). Suppose -n*v + 16 = -29. What is the units digit of v?
9
Let x = 69 - 10. What is the tens digit of x?
5
Suppose 0 = 2*j + 2. What is the units digit of j/((-14)/13 + 1)?
3
Let d = 13 + -9. What is the units digit of (-21)/14 + 30/d?
6
Let y(z) = z + 5. Let x be y(-8). Let d = x - -3. What is the tens digit of d + 6/2 - -10?
1
Let j(g) = -g + 14. Let a be j(-12). What is the units digit of (-4)/a + 108/26?
4
Let i = -2 + 8. What is the units digit of i?
6
Let d = -35 - -20. Let k = 30 + d. Let s = k + 0. What is the tens digit of s?
1
Suppose 0 = -2*a + 10 + 32. What is the units digit of a?
1
Suppose -2*r = -2*j + 482, -4*j - 6*r + 3*r + 964 = 0. What is the tens digit of j?
4
Let b(u) = -u**2. Let i be b(-1). Let o(h) = 4*h**2 - 2*h - 1. What is the units digit of o(i)?
5
Let j = 13 + -8. Suppose 5*s - 4*r + 33 = -r, 4*s = j*r - 29. Let l(z) = z + 8. What is the units digit of l(s)?
2
Suppose -9*j = -14*j + 165. Let i = j + -9. What is the tens digit of i?
2
Let g(x) = 2*x**3 - 3*x**2 + 9*x - 7. What is the tens digit of g(3)?
4
Let b(n) = 5*n**2 + 2*n - 1. Let x be (1/2)/((-3)/(-6)). What is the units digit of b(x)?
6
Let g(x) be the third derivative of x**5/30 - 3*x**4/8 - 5*x**2. What is the tens digit of g(6)?
1
Suppose 0 = 5*q + 23 - 123. Let u = 2 - 1. Suppose 0 = 3*c - q - u. What is the units digit of c?
7
Let c be (3/(-9))/((-1)/6). Let d = -4 + c. Let a = 3 - d. What is the units digit of a?
5
Let c(y) = y**2 - y - 2. Let v be c(0). Let j(p) = 1 + 0 + 0*p + p**2 - p. What is the units digit of j(v)?
7
Let b = -167 + 301. What is the tens digit of b?
3
Let v(y) = -7*y + 19. Let t(i) = -7 + 1 - 3*i - 3 + 7*i. Let j(p) = 5*t(p) + 3*v(p). What is the units digit of j(5)?
7
Suppose -i + 5*o + 22 = 3*i, -3*i - 3*o = -30. What is the units digit of i?
8
Let l = 210 + -106. What is the hundreds digit of l?
1
Let j = -6 + 22. What is the units digit of j?
6
Suppose -5*a = 25, 6*z - a = z + 75. Suppose z = -5*h + 59. Suppose 0 = 2*w - h + 3. What is the units digit of w?
3
Let q(y) = 3*y**2 + y + 1. Suppose 18 = 3*a - 2*a. Let m be ((-4)/(-6))/((-12)/a). What is the units digit of q(m)?
3
Let q be (4/3)/((-3)/(-9)). Suppose q*b - 64 = -0*b. What is the tens digit of b?
1
Suppose -6*t + 3*t = -6. Suppose -4*y - 80 = -4*v, -y - 5 = -t*v - 6*y. What is the units digit of (-9)/((v/(-2))/5)?
6
Suppose -3*u + 3 = -12. Suppose 5*t = 25, 4*s + 11 = u*t + 2. Suppose -z + m = -2, -z - 10 = -s*m - m. What is the units digit of z?
5
Let a(j) be the third derivative of j**5/120 + 3*j**4/8 - j**3/6 - 4*j**2. Let g(n) be the first derivative of a(n). What is the units digit of g(7)?
6
Let d(t) = -t**3 - 7*t**2 + 7*t + 2. Let c be d(-8). Suppose -4*z = 2 - c. What is the units digit of z?
2
What is the units digit 